 = -u, p = -3*m - 3*u. Let l = m + 6. What is the units digit of l?
1
Let y be (-3)/(-1) - (7 + -32). Suppose -u - u = -y. What is the units digit of u?
4
Suppose -2*u - 10 = -7*u. Let g be (3/(-2))/((-1)/u). Suppose -3*x = g*h - 4*x - 7, -5*x = -2*h + 9. What is the units digit of h?
2
Let c(k) = -k**3 - 22*k**2 + 2*k + 6 + 29*k**2 - 3*k - 2*k. What is the tens digit of c(6)?
2
Let p = -245 + 359. What is the units digit of p?
4
Let q(x) = 0*x**2 + 4*x**2 + 2*x - 4*x - x**2 - 7. What is the tens digit of q(4)?
3
Suppose 12 = 5*a + 2. Suppose a = 3*m + 5*d - 2, m + 2*d = 0. Let j = m + -5. What is the units digit of j?
3
Let z(u) = u**3 + 17*u**2 - 25*u - 22. What is the units digit of z(-18)?
4
Let c(n) = n**3 - n**2 + 2. Suppose 6 + 19 = 5*p. Suppose q - h + p = 0, -13 = -q - 3*h + 2. What is the units digit of c(q)?
2
Let h = -1 + -9. Let p be 4/h - (-54)/10. Suppose 2*n - 15 + p = 0. What is the units digit of n?
5
Suppose -3*i = -6, 0*i + i - 2 = 4*r. Suppose j + r = -4, 2*l - 4*j - 18 = 0. Suppose 2*y = -l + 7. What is the units digit of y?
3
Let a = -7 - -13. What is the units digit of a?
6
Let m(v) = v - 2. Let y(r) = r. Let z(q) = -m(q) + 4*y(q). Let h(g) = 2*g**2 - g + 1. Let p be h(1). What is the units digit of z(p)?
8
Suppose 3*g + a - 57 = 0, 3*g + 0*a - a - 51 = 0. What is the units digit of g?
8
Let j(p) = 3*p + 5. What is the units digit of j(3)?
4
Let t(l) = l. Let k(a) = a**2 - 12*a + 2. Let u(b) = -k(b) - 5*t(b). Let v(z) = z**2 - 8*z + 1. Let j(s) = -3*u(s) - 2*v(s). What is the units digit of j(6)?
0
Let v be ((-1)/3)/((-2)/30). Suppose -v*y + 7 + 8 = 0. Let f(p) = 2*p + 2. What is the units digit of f(y)?
8
Let i(o) be the third derivative of o**5/60 + 3*o**4/8 + o**3/2 + 4*o**2. What is the units digit of i(-10)?
3
Let l(j) = 8*j. Let p be l(1). Let z = p + -5. Suppose -z*g = g - 28. What is the units digit of g?
7
Suppose 3*f - 18 = 3. Let l(z) = -z**3 + 8*z**2 - 5*z - 3. What is the tens digit of l(f)?
1
Let b = 64 + -99. Let c = 49 + b. What is the tens digit of c?
1
Let l(f) = -f**3 + 2. What is the units digit of l(-2)?
0
Suppose 3*k + 12 = -0*k. Let f be (-212)/(-44) + k/(-22). Suppose -v + f = 0, 5*p + 2*v - 8 - 37 = 0. What is the units digit of p?
7
Suppose -v - 3*o = -142, 0*o + 132 = v - 2*o. What is the hundreds digit of v?
1
Let g(k) = k**2 - 2*k + 3. Let i be g(2). Suppose h - 23 = 6*z - 2*z, i = -3*z. What is the units digit of h?
9
Let r = -19 + 42. Let u = r + -12. What is the tens digit of u?
1
Let x be -9*(-2 - 5/(-3)). Suppose -x*b + 79 = 2*l, -l = -5*b + 136 - 0. What is the tens digit of b?
2
What is the units digit of (-5 + -329)*1/(-2)*1?
7
Suppose -4*r + 3*d + 2*d + 69 = 0, -5*d + 15 = 0. What is the tens digit of r?
2
Let n(y) = 3*y**3 + y**2 - y + 2. Let w be n(-2). Let x = w - -33. What is the tens digit of x?
1
Suppose 0 = -3*y + 5*w + 95, -2*y + 134 = 4*w + 34. Suppose 0 = -4*h - 2*f + 6*f + y, 35 = 2*h - 5*f. What is the units digit of h?
5
What is the units digit of 309/6 - (-2)/4?
2
Let y = -11 + 11. Suppose -3*c + y*c = -12. What is the units digit of c?
4
Let z(m) = 3*m**3 + m - 1. Let v(j) = -j - 8. Suppose 27 = -t - 2*t. Let w be v(t). What is the units digit of z(w)?
3
Let q(x) = x**2 + 3*x - 2. Let f(h) = -h + 7. Let i be f(5). Suppose g + 2*m + m - i = 0, 5*m = -g + 6. What is the units digit of q(g)?
2
What is the units digit of ((-4)/10 + 4)*5?
8
Let s(z) = -z**2 - 4*z - 5. Let d be s(-5). Let o(f) = f + 13. Let l be o(d). What is the units digit of l/12 + 54/8?
7
Suppose -5*b = -4 - 181. What is the tens digit of b?
3
Let o be 3 + -1 - (2 - -8). Let t = o - -18. What is the units digit of t?
0
Let s(w) = -7*w - 5. What is the units digit of s(-2)?
9
Let b be (58/6)/((-3)/27). Let q be (-2)/10 - b/(-15). Let p(d) = -d. What is the units digit of p(q)?
6
Suppose -p + 10 = -0*p - 3*q, 2*p - 2*q = 12. Suppose s - p*s = -33. What is the tens digit of s?
1
Suppose 0*d - 2*d + 2*p + 486 = 0, -d - 4*p + 268 = 0. What is the tens digit of d?
4
Suppose -2*a + 8 = 5*j - 2, 0 = 3*j - a - 17. Suppose j*g - 5 - 7 = 0. Suppose g*n - 49 = -13. What is the units digit of n?
2
Suppose -2*r + 8 = 2*n, -5*r + 9 = n - 7. Suppose 0 = -r*c + 2*m - 4, -4*m - 5 = 2*c + 19. What is the units digit of c + 2 + (0 - -4)?
2
Let x = -80 + 361. What is the hundreds digit of x?
2
Let y(a) = -12*a + 3. Suppose 4*j + 7 = 3*j - 4*h, -j + 3*h = 0. What is the units digit of y(j)?
9
Suppose 0 = -3*q + 57 - 12. What is the tens digit of q?
1
Let y be 4*3/(-18)*3. Let b = 0 - y. What is the units digit of b?
2
Let b(j) = -16*j - 9. What is the units digit of b(-6)?
7
Suppose 304 = 3*h + h. Suppose -2*d + 2*w + 14 = -34, -h = -2*d - 5*w. Let c = 41 - d. What is the units digit of c?
3
What is the tens digit of 0/(1 - 4) + 44?
4
Let m be (-42)/(-7)*10/(-4). What is the units digit of -1 - m*2/3?
9
Suppose 0 = z + 4*z. Suppose 5*q + z*q = 60. What is the tens digit of q?
1
Suppose -3 = y - 16. What is the tens digit of y?
1
Let u(t) = 41*t. Let b be u(-2). Let y be (-1)/4 + b/(-8). Suppose 3*i + y = 28. What is the units digit of i?
6
Let z(q) = -6*q**3 - 3*q**2 - 3*q - 4. What is the tens digit of z(-2)?
3
Let i be -1 - (81 - 1)/(-2). Suppose 5*d = -2*l + 16 - 5, d - i = -5*l. What is the units digit of l?
8
Suppose -r = 3*r - 4*b - 36, r - 4*b = 18. What is the units digit of (2/r)/((-3)/(-27))?
3
Let f be -4 - (0 - 0 - 2). Let r be -1 - (-1 - f)*-1. Suppose -2*w + 2 = 0, 0 = -r*y - 2*y - 4*w + 24. What is the units digit of y?
0
Let x = 5 + -2. Suppose 2 = 5*b - x, 0 = -4*d - b + 141. Suppose 0 = -0*j - 5*j + d. What is the units digit of j?
7
Let d(c) = -3*c**3 + 2. What is the tens digit of d(-2)?
2
Let o(j) = j**2 - 10*j + 8. Suppose u = -4*u + 50. What is the units digit of o(u)?
8
Let b(i) = 4*i**3 - 2*i**2 - i + 1. Let n be b(2). Suppose -6 = -2*q - 0*k - 4*k, -4*q + 3*k = -n. Let v = -2 + q. What is the units digit of v?
3
Let d(y) = -y**3 - 5*y**2 + 7*y + 9. Let n be d(-6). Suppose n*u - 4 = 65. What is the units digit of u?
3
Suppose t - 2*g = 10, 3*g + 32 = 4*t - g. Let i = t + -4. Suppose -n + 9 = i*n. What is the units digit of n?
3
Let d be 84 - 0*(-3)/9. Suppose 0 = -y + 4*y - d. What is the units digit of y?
8
Let y = 20 - 20. Suppose y = -4*z + z + 111. What is the tens digit of z?
3
Suppose m + 2 = 3*m. What is the units digit of -1 + (m - -6) + 1?
7
Let q(d) = 3*d**2 - 4*d. Let s be q(-3). Let w = s - 28. What is the tens digit of w?
1
Suppose -5*i + z + 7 = -3*z, 0 = -2*z + 4. Let h = -18 - -20. Suppose -i*y = h*t - 10, 4*y + 2*t - t = 15. What is the units digit of y?
4
Suppose t + 2 = -6. Let a = t - -15. What is the units digit of a?
7
What is the tens digit of (-4 - (-533)/3) + (-8)/(-6)?
7
Suppose -4*s + 29 - 10 = 5*i, 2*s + 13 = 5*i. Suppose 3*q + i + 0 = 0, 3*q = 2*f - 5. What is the units digit of f?
1
Let n = -8 - -15. Suppose 5*g - 17 = -n. Suppose -2*o + 48 = g*o. What is the tens digit of o?
1
Let n = -206 - -386. What is the hundreds digit of n?
1
Suppose -2*y = 31 - 3. Let x be 32/(-24)*18/(-4). What is the units digit of 4/(-12) - y/x?
2
Suppose -6 = -3*x, -8*f + 5*x + 118 = -4*f. What is the tens digit of f?
3
Suppose t + 4*t - 10 = 0. Let v be (t + 5/(-2))*-6. Suppose 0 = -5*p + j + 33, v*j = -0*p - p - 3. What is the units digit of p?
6
Suppose 10*c = 5*c + 915. What is the tens digit of c?
8
Let p be (-1 - -2 - -1)*1. Let h be (-1 - -1)/(1*p). Suppose -4*o + o - 4*x + 34 = h, 3*o = x + 29. What is the tens digit of o?
1
Suppose 88 = 4*b - 0*b. Suppose -m - 5*h = -5 - b, -7 = -m - h. What is the units digit of m?
2
Suppose 14 = 5*n - 3*n - 3*s, 2*n = -2*s - 6. Suppose 0 = g - 15 - n. What is the tens digit of g?
1
Suppose 5*x - 3*q = 11, -12 = -6*q + 2*q. Suppose 2*n - 3*k - 5 = 0, 0 = -2*n + 3*n - x*k. What is the units digit of n?
4
Suppose l - 4 + 0 = 0. What is the units digit of l?
4
Suppose 2*m = 62 + 190. What is the units digit of m?
6
Suppose 0 = 5*w - 15, 0 = 3*g - 5*w + w - 6. Suppose g + 19 = 5*d. What is the tens digit of (2 - (d - 2))*-11?
1
Let a be ((-13)/(-4))/((-2)/8). Let y = a + 26. Let v = y + -5. What is the units digit of v?
8
Suppose 0 = -3*a + 174 - 18. What is the units digit of a?
2
Suppose -o + 5*k = -26, -2*o + 3*k + 0*k + 38 = 0. Suppose 41 = 5*d